, 29
List the prime factors of 16924.
2, 4231
List the prime factors of 10504.
2, 13, 101
List the prime factors of 1647.
3, 61
List the prime factors of 3736.
2, 467
List the prime factors of 56771.
11, 13, 397
What are the prime factors of 10698?
2, 3, 1783
What are the prime factors of 10515?
3, 5, 701
What are the prime factors of 5341?
7, 109
List the prime factors of 7304.
2, 11, 83
What are the prime factors of 1436?
2, 359
What are the prime factors of 689?
13, 53
List the prime factors of 19408.
2, 1213
List the prime factors of 13267.
13267
List the prime factors of 119730.
2, 3, 5, 13, 307
What are the prime factors of 795?
3, 5, 53
List the prime factors of 43642.
2, 21821
What are the prime factors of 14931?
3, 7, 79
What are the prime factors of 77844?
2, 3, 13, 499
What are the prime factors of 13830?
2, 3, 5, 461
List the prime factors of 20542.
2, 10271
List the prime factors of 114580.
2, 5, 17, 337
What are the prime factors of 459?
3, 17
List the prime factors of 1553.
1553
List the prime factors of 434.
2, 7, 31
What are the prime factors of 5368?
2, 11, 61
List the prime factors of 31100.
2, 5, 311
List the prime factors of 1047.
3, 349
What are the prime factors of 15649?
15649
What are the prime factors of 1095?
3, 5, 73
What are the prime factors of 111?
3, 37
What are the prime factors of 12546?
2, 3, 17, 41
List the prime factors of 30010.
2, 5, 3001
What are the prime factors of 572?
2, 11, 13
What are the prime factors of 34037?
101, 337
List the prime factors of 2622.
2, 3, 19, 23
What are the prime factors of 1095?
3, 5, 73
List the prime factors of 1157.
13, 89
List the prime factors of 5923.
5923
List the prime factors of 31136.
2, 7, 139
What are the prime factors of 427?
7, 61
What are the prime factors of 1999?
1999
What are the prime factors of 2061?
3, 229
What are the prime factors of 3220?
2, 5, 7, 23
What are the prime factors of 80563?
7, 17, 677
List the prime factors of 8145.
3, 5, 181
List the prime factors of 1693.
1693
List the prime factors of 304.
2, 19
What are the prime factors of 6676?
2, 1669
What are the prime factors of 2599?
23, 113
What are the prime factors of 1498?
2, 7, 107
What are the prime factors of 1924?
2, 13, 37
List the prime factors of 716.
2, 179
List the prime factors of 24320.
2, 5, 19
List the prime factors of 6605.
5, 1321
List the prime factors of 1540.
2, 5, 7, 11
What are the prime factors of 77039?
41, 1879
What are the prime factors of 22604?
2, 5651
List the prime factors of 6197.
6197
What are the prime factors of 342?
2, 3, 19
List the prime factors of 56478.
2, 3, 9413
List the prime factors of 452.
2, 113
What are the prime factors of 555?
3, 5, 37
What are the prime factors of 4495?
5, 29, 31
What are the prime factors of 39124?
2, 9781
List the prime factors of 4308.
2, 3, 359
What are the prime factors of 54428?
2, 11, 1237
List the prime factors of 74510.
2, 5, 7451
List the prime factors of 840.
2, 3, 5, 7
What are the prime factors of 369?
3, 41
List the prime factors of 390.
2, 3, 5, 13
List the prime factors of 7567.
7, 23, 47
What are the prime factors of 3218?
2, 1609
List the prime factors of 66510.
2, 3, 5, 739
What are the prime factors of 1926?
2, 3, 107
List the prime factors of 74040.
2, 3, 5, 617
What are the prime factors of 3136?
2, 7
What are the prime factors of 25657?
25657
What are the prime factors of 35254?
2, 17627
List the prime factors of 24405.
3, 5, 1627
What are the prime factors of 42468?
2, 3, 3539
List the prime factors of 4835.
5, 967
List the prime factors of 34360.
2, 5, 859
List the prime factors of 504.
2, 3, 7
List the prime factors of 8521.
8521
List the prime factors of 22218.
2, 3, 7, 23
What are the prime factors of 39519?
3, 4391
What are the prime factors of 1001?
7, 11, 13
List the prime factors of 2978.
2, 1489
What are the prime factors of 8022?
2, 3, 7, 191
List the prime factors of 8372.
2, 7, 13, 23
What are the prime factors of 13031?
83, 157
List the prime factors of 58365.
3, 5, 1297
What are the prime factors of 6801?
3, 2267
List the prime factors of 101.
101
What are the prime factors of 6145?
5, 1229
List the prime factors of 31971.
3, 10657
List the prime factors of 227.
227
List the prime factors of 14331.
3, 17, 281
List the prime factors of 2636.
2, 659
What are the prime factors of 2269?
2269
List the prime factors of 7736.
2, 967
What are the prime factors of 55932?
2, 3, 59, 79
List the prime factors of 5660.
2, 5, 283
What are the prime factors of 105?
3, 5, 7
What are the prime factors of 244?
2, 61
What are the prime factors of 13473?
3, 499
List the prime factors of 79927.
257, 311
What are the prime factors of 10719?
3, 397
List the prime factors of 2784.
2, 3, 29
List the prime factors of 1533.
3, 7, 73
List the prime factors of 96372.
2, 3, 2677
What are the prime factors of 19361?
19, 1019
What are the prime factors of 10699?
13, 823
What are the prime factors of 1930?
2, 5, 193
List the prime factors of 217.
7, 31
What are the prime factors of 20440?
2, 5, 7, 73
What are the prime factors of 6147?
3, 683
List the prime factors of 6863.
6863
What are the prime factors of 8897?
7, 31, 41
List the prime factors of 60670.
2, 5, 6067
What are the prime factors of 3161?
29, 109
List the prime factors of 8491.
7, 1213
What are the prime factors of 19406?
2, 31, 313
What are the prime factors of 18841?
83, 227
List the prime factors of 46778.
2, 19, 1231
List the prime factors of 3097.
19, 163
List the prime factors of 3255.
3, 5, 7, 31
List the prime factors of 13768.
2, 1721
List the prime factors of 2040.
2, 3, 5, 17
List the prime factors of 13094.
2, 6547
List the prime factors of 21922.
2, 97, 113
List the prime factors of 15794.
2, 53, 149
What are the prime factors of 11?
11
List the prime factors of 10708.
2, 2677
What are the prime factors of 19474?
2, 7, 13, 107
List the prime factors of 8249.
73, 113
What are the prime factors of 6442?
2, 3221
List the prime factors of 5425.
5, 7, 31
What are the prime factors of 4830?
2, 3, 5, 7, 23
What are the prime factors of 1257?
3, 419
List the prime factors of 5040.
2, 3, 5, 7
List the prime factors of 435.
3, 5, 29
What are the prime factors of 725?
5, 29
List the prime factors of 646.
2, 17, 19
List the prime factors of 290.
2, 5, 29
What are the prime factors of 7824?
2, 3, 163
List the prime factors of 3317.
31, 107
List the prime factors of 33583.
11, 43, 71
What are the prime factors of 11?
11
What are the prime factors of 1458?
2, 3
What are the prime factors of 2289?
3, 7, 109
List the prime factors of 3422.
2, 29, 59
List the prime factors of 1640.
2, 5, 41
What are the prime factors of 888?
2, 3, 37
What are the prime factors of 1753?
1753
What are the prime factors of 4116?
2, 3, 7
What are the prime factors of 9986?
2, 4993
List the prime factors of 73798.
2, 36899
List the prime factors of 1365.
3, 5, 7, 13
List the prime factors of 8502.
2, 3, 13, 109
List the prime factors of 2552.
2, 11, 29
List the prime factors of 16285.
5, 3257
List the prime factors of 738.
2, 3, 41
What are the prime factors of 97526?
2, 11, 13, 31
List the prime factors of 99.
3, 11
What are the prime factors of 5839?
5839
What are the prime factors of 23350?
2, 5, 467
List the prime factors of 109356.
2, 3, 13, 701
What are the prime factors of 35180?
2, 5, 1759
What are the prime factors of 6108?
2, 3, 509
What are the prime factors of 93259?
179, 521
List the prime factors of 19967.
41, 487
List the prime factors of 1538.
2, 769
List the prime factors of 7313.
71, 103
List the prime factors of 902.
2, 11, 41
What are the prime factors of 8331?
3, 2777
List the prime factors of 1077.
3, 359
What are the prime factors of 1986?
2, 3, 331
What are the prime factors of 181?
181
What are the prime factors of 2524?
2, 631
List the prime factors of 639.
3, 71
What are the prime factors of 6072?
2, 3, 11, 23
What are the prime factors of 3093?
3, 1031
List the prime factors of 7096.
2, 887
What are the prime factors of 1550?
2, 5, 31
What are the prime factors of 10762?
2, 5381
List the prime factors of 6105.
3, 5, 11, 37
List the prime factors of 853.
853
What are the prime factors of 1727?
11, 157
List the prime factors of 2743.
13, 211
List the prime f